{"id":1250,"date":"2020-06-08T13:35:41","date_gmt":"2020-06-08T13:35:41","guid":{"rendered":"https:\/\/rq-conseils.com\/?page_id=1250"},"modified":"2020-06-25T06:39:35","modified_gmt":"2020-06-25T06:39:35","slug":"nos-services","status":"publish","type":"page","link":"https:\/\/rq-conseils.com\/english\/nos-services\/","title":{"rendered":"Our services"},"content":{"rendered":"<div class=\"alignfull wp-block-ugb-feature-grid ugb-feature-grid animated fadeIn slower ugb-1bf3ab3 ugb-feature-grid--v2 ugb-feature-grid--columns-3 ugb-feature-grid--design-plain ugb-main-block ugb-main-block--inner-wide ugb--has-block-background\" id=\"\"><div class=\"ugb-inner-block\"><div class=\"ugb-block-content\"><div class=\"ugb-feature-grid__item ugb-feature-grid__item1\"><div class=\"ugb-feature-grid__image\"><img loading=\"lazy\" decoding=\"async\" width=\"640\" height=\"426\" class=\"ugb-img wp-image-1675\" src=\"https:\/\/rq-conseils.com\/wp-content\/uploads\/2020\/06\/photo-of-person-holding-mobile-phone-3183153.jpg\" alt=\"Title\" srcset=\"https:\/\/rq-conseils.com\/wp-content\/uploads\/2020\/06\/photo-of-person-holding-mobile-phone-3183153.jpg 640w, https:\/\/rq-conseils.com\/wp-content\/uploads\/2020\/06\/photo-of-person-holding-mobile-phone-3183153-300x200.jpg 300w\" sizes=\"auto, (max-width: 640px) 100vw, 640px\" \/><\/div><div class=\"ugb-feature-grid__content\"><h4 class=\"ugb-feature-grid__title\">Audit of warranties <\/h4><p class=\"ugb-feature-grid__description\">Audit and consultancy on contracts, risk mapping, graphical analysis of claims experience, proposal of an insurance program and budget estimate.<\/p><\/div><\/div><div class=\"ugb-feature-grid__item ugb-feature-grid__item2\"><div class=\"ugb-feature-grid__image\"><img loading=\"lazy\" decoding=\"async\" width=\"640\" height=\"426\" class=\"ugb-img wp-image-1676\" src=\"https:\/\/rq-conseils.com\/wp-content\/uploads\/2020\/06\/three-white-ceramic-pots-with-green-leaf-plants-near-open-796602.jpg\" alt=\"Title\" srcset=\"https:\/\/rq-conseils.com\/wp-content\/uploads\/2020\/06\/three-white-ceramic-pots-with-green-leaf-plants-near-open-796602.jpg 640w, https:\/\/rq-conseils.com\/wp-content\/uploads\/2020\/06\/three-white-ceramic-pots-with-green-leaf-plants-near-open-796602-300x200.jpg 300w\" sizes=\"auto, (max-width: 640px) 100vw, 640px\" \/><\/div><div class=\"ugb-feature-grid__content\"><h4 class=\"ugb-feature-grid__title\">Drafting of the consultation dossier <\/h4><p class=\"ugb-feature-grid__description\">Drafting of specifications, choice of procedure and judgement criteria, launch and follow-up of the consultation.  <\/p><\/div><\/div><div class=\"ugb-feature-grid__item ugb-feature-grid__item3\"><div class=\"ugb-feature-grid__image\"><img loading=\"lazy\" decoding=\"async\" width=\"640\" height=\"427\" class=\"ugb-img wp-image-1677\" src=\"https:\/\/rq-conseils.com\/wp-content\/uploads\/2020\/06\/person-holding-gray-twist-pen-and-white-printer-paper-on-955389.jpg\" alt=\"Title\" srcset=\"https:\/\/rq-conseils.com\/wp-content\/uploads\/2020\/06\/person-holding-gray-twist-pen-and-white-printer-paper-on-955389.jpg 640w, https:\/\/rq-conseils.com\/wp-content\/uploads\/2020\/06\/person-holding-gray-twist-pen-and-white-printer-paper-on-955389-300x200.jpg 300w\" sizes=\"auto, (max-width: 640px) 100vw, 640px\" \/><\/div><div class=\"ugb-feature-grid__content\"><h4 class=\"ugb-feature-grid__title\">Analysis of applications and offers <\/h4><p class=\"ugb-feature-grid__description\">Drafting of the pre-report for the analysis of the offers, request for clarification, presentation of the report before the authorities.<\/p><\/div><\/div><\/div><\/div><\/div>\n\n\n\n<div class=\"alignfull wp-block-ugb-feature-grid ugb-feature-grid animated fadeIn slower delay-500ms ugb-ceb480b ugb-feature-grid--v2 ugb-feature-grid--columns-3 ugb-feature-grid--design-plain ugb-main-block ugb-main-block--inner-wide ugb--has-block-background\" id=\"\"><div class=\"ugb-inner-block\"><div class=\"ugb-block-content\"><div class=\"ugb-feature-grid__item ugb-feature-grid__item1\"><div class=\"ugb-feature-grid__image\"><img loading=\"lazy\" decoding=\"async\" width=\"640\" height=\"426\" class=\"ugb-img wp-image-1680\" src=\"https:\/\/rq-conseils.com\/wp-content\/uploads\/2020\/06\/three-white-ceramic-pots-with-green-leaf-plants-near-open-796602.png\" alt=\"Title\" srcset=\"https:\/\/rq-conseils.com\/wp-content\/uploads\/2020\/06\/three-white-ceramic-pots-with-green-leaf-plants-near-open-796602.png 640w, https:\/\/rq-conseils.com\/wp-content\/uploads\/2020\/06\/three-white-ceramic-pots-with-green-leaf-plants-near-open-796602-300x200.png 300w\" sizes=\"auto, (max-width: 640px) 100vw, 640px\" \/><\/div><div class=\"ugb-feature-grid__content\"><h4 class=\"ugb-feature-grid__title\">Control of contracts<\/h4><p class=\"ugb-feature-grid__description\">Award and adjustment of the contract, draft rejection and award letters, verification of the conformity of contract documents.<\/p><\/div><\/div><div class=\"ugb-feature-grid__item ugb-feature-grid__item2\"><div class=\"ugb-feature-grid__image\"><img loading=\"lazy\" decoding=\"async\" width=\"640\" height=\"426\" class=\"ugb-img wp-image-1681\" src=\"https:\/\/rq-conseils.com\/wp-content\/uploads\/2020\/06\/photo-of-people-doing-handshakes-3184416.jpg\" alt=\"Title\" srcset=\"https:\/\/rq-conseils.com\/wp-content\/uploads\/2020\/06\/photo-of-people-doing-handshakes-3184416.jpg 640w, https:\/\/rq-conseils.com\/wp-content\/uploads\/2020\/06\/photo-of-people-doing-handshakes-3184416-300x200.jpg 300w\" sizes=\"auto, (max-width: 640px) 100vw, 640px\" \/><\/div><div class=\"ugb-feature-grid__content\"><h4 class=\"ugb-feature-grid__title\">Possible negotiations<\/h4><p class=\"ugb-feature-grid__description\">Critical examination of the insurer's proposal, assessment of the situation, assistance in implementing the amendment, comparative budget estimate, drafting of a report. <\/p><\/div><\/div><div class=\"ugb-feature-grid__item ugb-feature-grid__item3\"><div class=\"ugb-feature-grid__image\"><img loading=\"lazy\" decoding=\"async\" width=\"640\" height=\"426\" class=\"ugb-img wp-image-1682\" src=\"https:\/\/rq-conseils.com\/wp-content\/uploads\/2020\/06\/crop-businessman-giving-contract-to-woman-to-sign-3760067.jpg\" alt=\"Title\" srcset=\"https:\/\/rq-conseils.com\/wp-content\/uploads\/2020\/06\/crop-businessman-giving-contract-to-woman-to-sign-3760067.jpg 640w, https:\/\/rq-conseils.com\/wp-content\/uploads\/2020\/06\/crop-businessman-giving-contract-to-woman-to-sign-3760067-300x200.jpg 300w\" sizes=\"auto, (max-width: 640px) 100vw, 640px\" \/><\/div><div class=\"ugb-feature-grid__content\"><h4 class=\"ugb-feature-grid__title\">Assistance in contract management <\/h4><p class=\"ugb-feature-grid__description\">ce in the execution of contracts, control of guarantees and amendments, review of insurance clauses, legislative and insurance information, verification of receipts.<\/p><\/div><\/div><\/div><\/div><\/div>\n\n\n\n<div class=\"alignfull wp-block-ugb-feature-grid ugb-feature-grid animated fadeIn slower delay-500ms ugb-52e3f43 ugb-feature-grid--v2 ugb-feature-grid--columns-3 ugb-feature-grid--design-plain ugb-main-block ugb-main-block--inner-wide ugb--has-block-background\" id=\"\"><div class=\"ugb-inner-block\"><div class=\"ugb-block-content\"><div class=\"ugb-feature-grid__item ugb-feature-grid__item1\"><div class=\"ugb-feature-grid__image\"><img loading=\"lazy\" decoding=\"async\" width=\"640\" height=\"424\" class=\"ugb-img wp-image-1722\" src=\"https:\/\/rq-conseils.com\/wp-content\/uploads\/2020\/06\/group-of-firefighters-near-building-2121670.jpg\" alt=\"Assistance \u00e0 la gestion des sinistres\" srcset=\"https:\/\/rq-conseils.com\/wp-content\/uploads\/2020\/06\/group-of-firefighters-near-building-2121670.jpg 640w, https:\/\/rq-conseils.com\/wp-content\/uploads\/2020\/06\/group-of-firefighters-near-building-2121670-300x199.jpg 300w\" sizes=\"auto, (max-width: 640px) 100vw, 640px\" \/><\/div><div class=\"ugb-feature-grid__content\"><h4 class=\"ugb-feature-grid__title\">Assistance in the management of claims<\/h4><p class=\"ugb-feature-grid__description\">Assistance with declaration,Analysis of the insurer's decision,Examination of the expert report,Presence in case of dispute.<\/p><\/div><\/div><div class=\"ugb-feature-grid__item ugb-feature-grid__item2\"><div class=\"ugb-feature-grid__content\"><\/div><\/div><div class=\"ugb-feature-grid__item ugb-feature-grid__item3\"><div class=\"ugb-feature-grid__content\"><\/div><\/div><\/div><\/div><\/div>\n<style class=\"advgb-styles-renderer\">.ugb-1bf3ab3 .ugb-img,.ugb-1bf3ab3 .ugb-feature-grid__image{margin-left:0 !important;margin-right:auto !important}.ugb-1bf3ab3 .ugb-feature-grid__title{color:#592556;font-family:\"Montserrat\",Sans-serif !important;font-weight:400;text-align:left}.ugb-1bf3ab3 .ugb-feature-grid__description{color:#666666;font-family:\"Montserrat\",Sans-serif !important;font-size:17px;text-align:left;margin-bottom:-34px !important}.ugb-1bf3ab3 .ugb-inner-block{text-align:left}.ugb-1bf3ab3.ugb-feature-grid{justify-content:center;background-color:#ffffff}.ugb-1bf3ab3.ugb-feature-grid:before{background-color:#ffffff}.ugb-ceb480b .ugb-img,.ugb-ceb480b .ugb-feature-grid__image{margin-left:0 !important;margin-right:auto !important}.ugb-ceb480b .ugb-feature-grid__title{color:#592556;font-family:\"Montserrat\",Sans-serif !important;font-weight:400;text-align:left}.ugb-ceb480b .ugb-feature-grid__description{color:#666666;font-family:\"Montserrat\",Sans-serif !important;font-size:17px;text-align:justify;margin-bottom:-33px !important}.ugb-ceb480b .ugb-feature-grid__image{margin-bottom:40px !important}.ugb-ceb480b .ugb-inner-block{text-align:justify}.ugb-ceb480b.ugb-feature-grid{justify-content:center;background-color:#ffffff}.ugb-ceb480b.ugb-feature-grid:before{background-color:#ffffff}.ugb-52e3f43 .ugb-img,.ugb-52e3f43 .ugb-feature-grid__image{margin-left:auto !important;margin-right:auto !important}.ugb-52e3f43 .ugb-feature-grid__title{color:#592556;font-family:\"Montserrat\",Sans-serif !important;font-weight:400;text-align:justify;margin-bottom:11px !important}.ugb-52e3f43 .ugb-feature-grid__description{color:#666666;font-family:\"Montserrat\",Sans-serif !important;font-size:17px;text-align:justify;margin-bottom:11px !important}.ugb-52e3f43 .ugb-feature-grid__image{margin-bottom:15px !important}.ugb-52e3f43 .ugb-inner-block{text-align:justify}.ugb-52e3f43.ugb-feature-grid{justify-content:center;background-color:#ffffff}.ugb-52e3f43.ugb-feature-grid:before{background-color:#ffffff}<\/style>","protected":false},"excerpt":{"rendered":"<p>Audit des garanties Audit et avis sur les contrats, cartographie des risques , analyse graphique de la sinistralit\u00e9, proposition d&rsquo;un programme d&rsquo;assurance et estimation budg\u00e9taire.R\u00e9daction du dossier de consultation R\u00e9daction des cahiers des charges , choix de la proc\u00e9dure et des crit\u00e8res de jugement, lancement et suivi de la consultation. Analyse des candidatures et des &hellip; <\/p>\n<div class=\"more-link-wrapper\"><a href=\"https:\/\/rq-conseils.com\/english\/nos-services\/\" class=\"more-link\">Continue reading<span class=\"screen-reader-text\"> \u00ab\u00a0Nos services\u00a0\u00bb<\/span><\/a><\/div>","protected":false},"author":1,"featured_media":1577,"parent":0,"menu_order":0,"comment_status":"closed","ping_status":"closed","template":"template-three-column.php","meta":{"qubely_global_settings":"","qubely_interactions":"","_editorskit_title_hidden":false,"_editorskit_reading_time":1,"_editorskit_is_block_options_detached":false,"_editorskit_block_options_position":"{}","_coblocks_attr":"","_coblocks_dimensions":"","_coblocks_responsive_height":"","_coblocks_accordion_ie_support":"","_crdt_document":"","_uag_custom_page_level_css":"","advgb_blocks_editor_width":"","advgb_blocks_columns_visual_guide":"","footnotes":""},"class_list":["post-1250","page","type-page","status-publish","has-post-thumbnail","hentry"],"featured_image_urls_v2":{"full":["https:\/\/rq-conseils.com\/wp-content\/uploads\/2020\/06\/V3.png",1280,579,false],"thumbnail":["https:\/\/rq-conseils.com\/wp-content\/uploads\/2020\/06\/V3-150x150.png",150,150,true],"medium":["https:\/\/rq-conseils.com\/wp-content\/uploads\/2020\/06\/V3-300x136.png",300,136,true],"medium_large":["https:\/\/rq-conseils.com\/wp-content\/uploads\/2020\/06\/V3-768x347.png",640,289,true],"large":["https:\/\/rq-conseils.com\/wp-content\/uploads\/2020\/06\/V3-1024x463.png",640,289,true],"1536x1536":["https:\/\/rq-conseils.com\/wp-content\/uploads\/2020\/06\/V3.png",1280,579,false],"2048x2048":["https:\/\/rq-conseils.com\/wp-content\/uploads\/2020\/06\/V3.png",1280,579,false],"trp-custom-language-flag":["https:\/\/rq-conseils.com\/wp-content\/uploads\/2020\/06\/V3.png",18,8,false],"qubely_landscape":["https:\/\/rq-conseils.com\/wp-content\/uploads\/2020\/06\/V3.png",1200,543,false],"qubely_portrait":["https:\/\/rq-conseils.com\/wp-content\/uploads\/2020\/06\/V3.png",540,244,false],"qubely_thumbnail":["https:\/\/rq-conseils.com\/wp-content\/uploads\/2020\/06\/V3.png",140,63,false],"ultp_layout_landscape_large":["https:\/\/rq-conseils.com\/wp-content\/uploads\/2020\/06\/V3-1200x579.png",1200,579,true],"ultp_layout_landscape":["https:\/\/rq-conseils.com\/wp-content\/uploads\/2020\/06\/V3-870x570.png",870,570,true],"ultp_layout_portrait":["https:\/\/rq-conseils.com\/wp-content\/uploads\/2020\/06\/V3-600x579.png",600,579,true],"ultp_layout_square":["https:\/\/rq-conseils.com\/wp-content\/uploads\/2020\/06\/V3-600x579.png",600,579,true],"purpose-featured-large":["https:\/\/rq-conseils.com\/wp-content\/uploads\/2020\/06\/V3.png",1280,579,false],"purpose-featured-medium":["https:\/\/rq-conseils.com\/wp-content\/uploads\/2020\/06\/V3.png",1280,579,false],"purpose-featured-small":["https:\/\/rq-conseils.com\/wp-content\/uploads\/2020\/06\/V3-960x434.png",960,434,true],"purpose-featured-square":["https:\/\/rq-conseils.com\/wp-content\/uploads\/2020\/06\/V3-720x579.png",720,579,true]},"post_excerpt_stackable_v2":"<p>Audit des garanties Audit et avis sur les contrats, cartographie des risques , analyse graphique de la sinistralit\u00e9, proposition d&rsquo;un programme d&rsquo;assurance et estimation budg\u00e9taire.R\u00e9daction du dossier de consultation R\u00e9daction des cahiers des charges , choix de la proc\u00e9dure et des crit\u00e8res de jugement, lancement et suivi de la consultation. Analyse des candidatures et des offres R\u00e9daction du pr\u00e9-rapport d&rsquo;analyse des offres, demande de pr\u00e9cision, pr\u00e9sentation du rapport devant les instances . Contr\u00f4le des contratsAttribution et mise au point du march\u00e9, projet de lettres de rejet et d&rsquo;attribution, v\u00e9rification de la conformit\u00e9 des pi\u00e8ces contractuelles.N\u00e9gociation \u00e9ventuelleExamen critique de la proposition&hellip;<\/p>\n","category_list_v2":"","author_info_v2":{"name":"Mulla","url":"https:\/\/rq-conseils.com\/english\/author\/mulla\/"},"comments_num_v2":"0 comments","featured_image_src":"https:\/\/rq-conseils.com\/wp-content\/uploads\/2020\/06\/V3.png","uagb_featured_image_src":{"full":["https:\/\/rq-conseils.com\/wp-content\/uploads\/2020\/06\/V3.png",1280,579,false],"thumbnail":["https:\/\/rq-conseils.com\/wp-content\/uploads\/2020\/06\/V3-150x150.png",150,150,true],"medium":["https:\/\/rq-conseils.com\/wp-content\/uploads\/2020\/06\/V3-300x136.png",300,136,true],"medium_large":["https:\/\/rq-conseils.com\/wp-content\/uploads\/2020\/06\/V3-768x347.png",640,289,true],"large":["https:\/\/rq-conseils.com\/wp-content\/uploads\/2020\/06\/V3-1024x463.png",640,289,true],"1536x1536":["https:\/\/rq-conseils.com\/wp-content\/uploads\/2020\/06\/V3.png",1280,579,false],"2048x2048":["https:\/\/rq-conseils.com\/wp-content\/uploads\/2020\/06\/V3.png",1280,579,false],"trp-custom-language-flag":["https:\/\/rq-conseils.com\/wp-content\/uploads\/2020\/06\/V3.png",18,8,false],"qubely_landscape":["https:\/\/rq-conseils.com\/wp-content\/uploads\/2020\/06\/V3.png",1200,543,false],"qubely_portrait":["https:\/\/rq-conseils.com\/wp-content\/uploads\/2020\/06\/V3.png",540,244,false],"qubely_thumbnail":["https:\/\/rq-conseils.com\/wp-content\/uploads\/2020\/06\/V3.png",140,63,false],"ultp_layout_landscape_large":["https:\/\/rq-conseils.com\/wp-content\/uploads\/2020\/06\/V3-1200x579.png",1200,579,true],"ultp_layout_landscape":["https:\/\/rq-conseils.com\/wp-content\/uploads\/2020\/06\/V3-870x570.png",870,570,true],"ultp_layout_portrait":["https:\/\/rq-conseils.com\/wp-content\/uploads\/2020\/06\/V3-600x579.png",600,579,true],"ultp_layout_square":["https:\/\/rq-conseils.com\/wp-content\/uploads\/2020\/06\/V3-600x579.png",600,579,true],"purpose-featured-large":["https:\/\/rq-conseils.com\/wp-content\/uploads\/2020\/06\/V3.png",1280,579,false],"purpose-featured-medium":["https:\/\/rq-conseils.com\/wp-content\/uploads\/2020\/06\/V3.png",1280,579,false],"purpose-featured-small":["https:\/\/rq-conseils.com\/wp-content\/uploads\/2020\/06\/V3-960x434.png",960,434,true],"purpose-featured-square":["https:\/\/rq-conseils.com\/wp-content\/uploads\/2020\/06\/V3-720x579.png",720,579,true]},"uagb_author_info":{"display_name":"Mulla","author_link":"https:\/\/rq-conseils.com\/english\/author\/mulla\/"},"uagb_comment_info":0,"uagb_excerpt":"Audit des garanties Audit et avis sur les contrats, cartographie des risques , analyse graphique de la sinistralit\u00e9, proposition d&rsquo;un programme d&rsquo;assurance et estimation budg\u00e9taire.R\u00e9daction du dossier de consultation R\u00e9daction des cahiers des charges , choix de la proc\u00e9dure et des crit\u00e8res de jugement, lancement et suivi de la consultation. Analyse des candidatures et des&hellip;","coauthors":[],"author_meta":{"author_link":"https:\/\/rq-conseils.com\/english\/author\/mulla\/","display_name":"Mulla"},"relative_dates":{"created":"Posted 6 years ago","modified":"Updated 6 years ago"},"absolute_dates":{"created":"Posted on June 8, 2020","modified":"Updated on June 25, 2020"},"absolute_dates_time":{"created":"Posted on June 8, 2020 1:35 pm","modified":"Updated on June 25, 2020 6:39 am"},"featured_img_caption":"","featured_img":"https:\/\/rq-conseils.com\/wp-content\/uploads\/2020\/06\/V3.png","series_order":"","_links":{"self":[{"href":"https:\/\/rq-conseils.com\/english\/wp-json\/wp\/v2\/pages\/1250","targetHints":{"allow":["GET"]}}],"collection":[{"href":"https:\/\/rq-conseils.com\/english\/wp-json\/wp\/v2\/pages"}],"about":[{"href":"https:\/\/rq-conseils.com\/english\/wp-json\/wp\/v2\/types\/page"}],"author":[{"embeddable":true,"href":"https:\/\/rq-conseils.com\/english\/wp-json\/wp\/v2\/users\/1"}],"replies":[{"embeddable":true,"href":"https:\/\/rq-conseils.com\/english\/wp-json\/wp\/v2\/comments?post=1250"}],"version-history":[{"count":196,"href":"https:\/\/rq-conseils.com\/english\/wp-json\/wp\/v2\/pages\/1250\/revisions"}],"predecessor-version":[{"id":3749,"href":"https:\/\/rq-conseils.com\/english\/wp-json\/wp\/v2\/pages\/1250\/revisions\/3749"}],"wp:featuredmedia":[{"embeddable":true,"href":"https:\/\/rq-conseils.com\/english\/wp-json\/wp\/v2\/media\/1577"}],"wp:attachment":[{"href":"https:\/\/rq-conseils.com\/english\/wp-json\/wp\/v2\/media?parent=1250"}],"curies":[{"name":"wp","href":"https:\/\/api.w.org\/{rel}","templated":true}]}}